{"id":30,"date":"2015-02-07T02:36:50","date_gmt":"2015-02-07T02:36:50","guid":{"rendered":"http:\/\/apresentacoes.wp.w3.pt\/?page_id=30"},"modified":"2015-02-10T20:53:30","modified_gmt":"2015-02-10T20:53:30","slug":"livros-de-carlos-poupa","status":"publish","type":"page","link":"http:\/\/apresentacoes.w3.pt\/?page_id=30","title":{"rendered":"Livros de Carlos Poupa"},"content":{"rendered":"<p><a href=\"http:\/\/spss.wp.w3.pt\/wp-content\/uploads\/sites\/8\/2015\/02\/teses-444.jpg\"><img loading=\"lazy\" decoding=\"async\" class=\" size-medium wp-image-63 alignleft\" src=\"http:\/\/spss.wp.w3.pt\/wp-content\/uploads\/sites\/8\/2015\/02\/teses-444-212x300.jpg\" alt=\"teses-444\" width=\"212\" height=\"300\" \/><\/a><\/p>\n<p><a href=\"http:\/\/teses.w3.pt\">PEREIRA, Alexandre ; POUPA, Carlos &#8211; Como escrever uma tese, monografia ou livro cient\u00edfico: usando o Word. 5.\u00aa ed. Lisboa : S\u00edlabo, 2012. ISBN 978-972-618-691-5. 260p.<\/a><\/p>\n<div style=\"clear: both;\"><\/div>\n<p>&nbsp;<\/p>\n<hr \/>\n<p><a href=\"http:\/\/spss.wp.w3.pt\/wp-content\/uploads\/sites\/8\/2015\/02\/WEB-444.jpg\"><img loading=\"lazy\" decoding=\"async\" class=\" size-medium wp-image-64 alignleft\" src=\"http:\/\/spss.wp.w3.pt\/wp-content\/uploads\/sites\/8\/2015\/02\/WEB-444-212x300.jpg\" alt=\"WEB-444\" width=\"212\" height=\"300\" \/><\/a><\/p>\n<p><a href=\"http:\/\/linguagens.w3.pt\">PEREIRA, Alexandre ; POUPA, Carlos &#8211; Linguagens Web. 5.\u00aa ed. Lisboa : S\u00edlabo, 2013. ISBN 978-972-618-715-8. 436p.<\/a><\/p>\n<div style=\"clear: both;\"><\/div>\n<hr \/>\n<p><a href=\"http:\/\/spss.wp.w3.pt\/wp-content\/uploads\/sites\/8\/2015\/02\/PP-444.jpg\"><img loading=\"lazy\" decoding=\"async\" class=\" size-medium wp-image-59 alignleft\" src=\"http:\/\/spss.wp.w3.pt\/wp-content\/uploads\/sites\/8\/2015\/02\/PP-444-211x300.jpg\" alt=\"PP-444\" width=\"211\" height=\"300\" \/><\/a><\/p>\n<p><a href=\"http:\/\/apresentacoes.w3.pt\/\">PEREIRA, Alexandre ; POUPA, Carlos &#8211; Como Apresentar em P\u00fablico Teses, Relat\u00f3rios, Comunica\u00e7\u00f5es usando o PowerPoint. Lisboa : S\u00edlabo, 2004. ISBN 972-618-353-7. 192p.<\/a><\/p>\n<div style=\"clear: both;\"><\/div>\n<hr \/>\n","protected":false},"excerpt":{"rendered":"<p>PEREIRA, Alexandre ; POUPA, Carlos &#8211; Como escrever uma tese, monografia ou livro cient\u00edfico: usando o Word. 5.\u00aa ed. Lisboa : S\u00edlabo, 2012. ISBN 978-972-618-691-5. 260p. &nbsp; PEREIRA, Alexandre ; POUPA, Carlos &#8211; Linguagens Web. 5.\u00aa ed. Lisboa : S\u00edlabo, 2013. ISBN 978-972-618-715-8. 436p. PEREIRA, Alexandre ; POUPA, Carlos &#8211; Como Apresentar em P\u00fablico Teses, [&hellip;]<\/p>\n","protected":false},"author":1,"featured_media":0,"parent":0,"menu_order":0,"comment_status":"closed","ping_status":"closed","template":"","meta":{"footnotes":""},"_links":{"self":[{"href":"http:\/\/apresentacoes.w3.pt\/index.php?rest_route=\/wp\/v2\/pages\/30"}],"collection":[{"href":"http:\/\/apresentacoes.w3.pt\/index.php?rest_route=\/wp\/v2\/pages"}],"about":[{"href":"http:\/\/apresentacoes.w3.pt\/index.php?rest_route=\/wp\/v2\/types\/page"}],"author":[{"embeddable":true,"href":"http:\/\/apresentacoes.w3.pt\/index.php?rest_route=\/wp\/v2\/users\/1"}],"replies":[{"embeddable":true,"href":"http:\/\/apresentacoes.w3.pt\/index.php?rest_route=%2Fwp%2Fv2%2Fcomments&post=30"}],"version-history":[{"count":2,"href":"http:\/\/apresentacoes.w3.pt\/index.php?rest_route=\/wp\/v2\/pages\/30\/revisions"}],"predecessor-version":[{"id":37,"href":"http:\/\/apresentacoes.w3.pt\/index.php?rest_route=\/wp\/v2\/pages\/30\/revisions\/37"}],"wp:attachment":[{"href":"http:\/\/apresentacoes.w3.pt\/index.php?rest_route=%2Fwp%2Fv2%2Fmedia&parent=30"}],"curies":[{"name":"wp","href":"https:\/\/api.w.org\/{rel}","templated":true}]}}